{"id":985,"date":"2015-02-09T04:59:10","date_gmt":"2015-02-09T04:59:10","guid":{"rendered":"http:\/\/pacifik.gelidus.cz\/?page_id=985"},"modified":"2016-02-02T09:55:47","modified_gmt":"2016-02-02T08:55:47","slug":"javornik","status":"publish","type":"page","link":"https:\/\/www.penzionpacifik.cz\/?page_id=985","title":{"rendered":"Javorn\u00edk"},"content":{"rendered":"<h2>Javorn\u00edk (295 m n. m.)<\/h2>\n<p><strong>Trasa<\/strong><br \/>\n<em>D\u00e9lka: 29,5 km<\/em><br \/>\n<em>Obt\u00ed\u017enost: n\u00e1ro\u010dn\u00e1<\/em><\/p>\n<p>Trasa za\u010d\u00edn\u00e1 u chaty v Ramzovsk\u00e9m sedle a pokra\u010duje po \u010derven\u00e9 turistick\u00e9 zna\u010dce k m\u00edstu zvan\u00e9mu V\u011btrolam. Zde odbo\u010d\u00edme vpravo a t\u00e1hle stoup\u00e1me lesem p\u0159es vrchol Kl\u00edn a\u017e na zalesn\u011bn\u00fd vrchol Smrk. Nedaleko vrcholu se nach\u00e1z\u00ed ra\u0161elini\u0161t\u011b. Ze Smrku se vyd\u00e1v\u00e1me vpravo po \u017elut\u00e9 zna\u010dce na vrchol hory Kovadlina a d\u00e1le p\u0159es sedlo Peklo a vrch B\u0159idli\u010dn\u00fd k rozcest\u00ed pod \u0160pi\u010d\u00e1kem. Ze sedla m\u016f\u017eeme vystoupat na vrchol \u0160pi\u010d\u00e1ku nebo pokra\u010dovat d\u00e1le po \u010derven\u00e9 k prameni pod Str\u00e1\u017e\u00ed. Odtud jdeme ji\u017e pohodlnou lesn\u00ed cestou po pr\u016fsec\u00edch a horsk\u00fdch louk\u00e1ch do b\u00fdval\u00e9 obce Hrani\u010dky a pot\u00e9 sestupujeme do obce Nov\u00e9 Vil\u00e9movice. Z Nov\u00fdch Vil\u00e9movic vede trasa p\u0159es osadu \u010cerven\u00fd d\u016fl a \u00fadol\u00ed Ra\u010d\u00edho potoka k m\u00edstu zvan\u00e9mu pod Rychleby. D\u00e1le stoup\u00e1me ke z\u0159\u00edcenin\u011b hradu Rychleby a d\u00e1le ke k\u0159\u00ed\u017e\u016fm u svat\u00e9ho Anton\u00edna. Z rozcest\u00ed kles\u00e1me k z\u00e1mku J\u00e1nsk\u00fd vrch a odtud je to ji\u017e kousek do centra m\u011bsta Javorn\u00edk, kde trasa kon\u010d\u00ed na n\u00e1m\u011bst\u00ed.<\/p>\n<p>&nbsp;<\/p>\n<table border=\"0\" width=\"407\" cellspacing=\"0\" cellpadding=\"0\">\n<colgroup>\n<col width=\"80\" \/>\n<col width=\"122\" \/>\n<col width=\"115\" \/>\n<col width=\"90\" \/><\/colgroup>\n<tbody>\n<tr>\n<td class=\"xl67\" width=\"80\" height=\"20\"><strong>Vzd\u00e1lenost<\/strong><\/td>\n<td class=\"xl68\" width=\"122\"><strong>N\u00e1zev<\/strong><\/td>\n<td class=\"xl68\" width=\"115\"><strong>Nadmo\u0159sk\u00e1 v\u00fd\u0161ka<\/strong><\/td>\n<td class=\"xl76\" width=\"90\"><strong>Zna\u010dka<\/strong><\/td>\n<\/tr>\n<tr>\n<td class=\"xl69\" height=\"19\">0,0<\/td>\n<td class=\"xl66\">Ramzov\u00e1<\/td>\n<td class=\"xl66\">758 m n.m.<\/td>\n<td class=\"xl75\">\u010derven\u00e1<\/td>\n<\/tr>\n<tr>\n<td class=\"xl70\" height=\"20\">2,1<\/td>\n<td class=\"xl65\">Kl\u00edn<\/td>\n<td class=\"xl65\">983 m n.m.<\/td>\n<td class=\"xl74\">\u010derven\u00e1<\/td>\n<\/tr>\n<tr>\n<td class=\"xl70\" height=\"19\">4,8<\/td>\n<td class=\"xl65\">Smrk<\/td>\n<td class=\"xl65\">1126 m n.m.<\/td>\n<td class=\"xl74\">\u017elut\u00e1<\/td>\n<\/tr>\n<tr>\n<td class=\"xl70\" height=\"19\">10,0<\/td>\n<td class=\"xl65\">Kovadlina<\/td>\n<td class=\"xl65\">976 m n.m.<\/td>\n<td class=\"xl74\">\u017elut\u00e1<\/td>\n<\/tr>\n<tr>\n<td class=\"xl70\" height=\"19\">11,0<\/td>\n<td class=\"xl65\">Sedlo Peklo<\/td>\n<td class=\"xl65\">842 m n.m.<\/td>\n<td class=\"xl74\">\u017elut\u00e1<\/td>\n<\/tr>\n<tr>\n<td class=\"xl70\" height=\"19\">14,0<\/td>\n<td class=\"xl65\">\u0160pi\u010d\u00e1k<\/td>\n<td class=\"xl65\">947 m n.m.<\/td>\n<td class=\"xl74\">\u010derven\u00e1<\/td>\n<\/tr>\n<tr>\n<td class=\"xl70\" height=\"19\">18,4<\/td>\n<td class=\"xl65\">Hrani\u010dky<\/td>\n<td class=\"xl65\">709 m n.m.<\/td>\n<td class=\"xl74\">\u010derven\u00e1\/cyklo<\/td>\n<\/tr>\n<tr>\n<td class=\"xl70\" height=\"19\">20,2<\/td>\n<td class=\"xl65\">Nov\u00e9 Vil\u00e9movice<\/td>\n<td class=\"xl65\">660 m n.m.<\/td>\n<td class=\"xl74\">\u010derven\u00e1<\/td>\n<\/tr>\n<tr>\n<td class=\"xl70\" height=\"19\">23,6<\/td>\n<td class=\"xl65\">Ka\u0161tanov\u00e1 alej<\/td>\n<td class=\"xl65\">471 m n.m.<\/td>\n<td class=\"xl74\">\u010derven\u00e1<\/td>\n<\/tr>\n<tr>\n<td class=\"xl70\" height=\"19\">25,3<\/td>\n<td class=\"xl65\">Rychleby z\u0159\u00edcenina<\/td>\n<td class=\"xl65\">448 m n.m.<\/td>\n<td class=\"xl74\">\u010derven\u00e1<\/td>\n<\/tr>\n<tr>\n<td class=\"xl70\" height=\"19\">27,2<\/td>\n<td class=\"xl65\">Sv. Anton\u00edn<\/td>\n<td class=\"xl65\">445 m n.m.<\/td>\n<td class=\"xl74\">\u010derven\u00e1\/cyklo<\/td>\n<\/tr>\n<tr>\n<td class=\"xl71\" height=\"20\">29,5<\/td>\n<td class=\"xl72\">Javorn\u00edk<\/td>\n<td class=\"xl72\">298 m n.m.<\/td>\n<\/tr>\n<\/tbody>\n<\/table>\n<p><a href=\"http:\/\/penzionpacifik.cz\/wp-content\/uploads\/2015\/02\/trasa_javornik.jpg\" data-rel=\"lightbox-gallery-wPySJLc5\" data-rl_title=\"\" data-rl_caption=\"\" title=\"\"><img loading=\"lazy\" decoding=\"async\" class=\"alignnone  wp-image-989\" src=\"http:\/\/penzionpacifik.cz\/wp-content\/uploads\/2015\/02\/trasa_javornik.jpg\" alt=\"trasa_javornik\" width=\"513\" height=\"171\" \/><\/a><\/p>\n<p>&nbsp;<\/p>\n<p><a title=\"Trasy\" href=\"http:\/\/penzionpacifik.cz\/?page_id=955\">Zp\u011bt na trasy<\/a><\/p>\n","protected":false},"excerpt":{"rendered":"<p>Javorn\u00edk (295 m n. m.) Trasa D\u00e9lka: 29,5 km Obt\u00ed\u017enost: n\u00e1ro\u010dn\u00e1 Trasa za\u010d\u00edn\u00e1 u chaty v Ramzovsk\u00e9m sedle a pokra\u010duje po \u010derven\u00e9 turistick\u00e9 zna\u010dce k m\u00edstu zvan\u00e9mu V\u011btrolam. Zde odbo\u010d\u00edme vpravo a t\u00e1hle stoup\u00e1me lesem p\u0159es vrchol Kl\u00edn a\u017e na zalesn\u011bn\u00fd vrchol Smrk. Nedaleko vrcholu se nach\u00e1z\u00ed ra\u0161elini\u0161t\u011b. Ze Smrku se vyd\u00e1v\u00e1me vpravo po \u017elut\u00e9 zna\u010dce na vrchol hory Kovadlina a d\u00e1le p\u0159es sedlo Peklo a vrch B\u0159idli\u010dn\u00fd k rozcest\u00ed pod \u0160pi\u010d\u00e1kem. Ze sedla m\u016f\u017eeme vystoupat na vrchol \u0160pi\u010d\u00e1ku nebo pokra\u010dovat d\u00e1le po \u010derven\u00e9 k prameni pod Str\u00e1\u017e\u00ed. Odtud jdeme ji\u017e pohodlnou lesn\u00ed cestou po pr\u016fsec\u00edch a horsk\u00fdch louk\u00e1ch do b\u00fdval\u00e9 obce Hrani\u010dky a pot\u00e9 sestupujeme do obce Nov\u00e9 Vil\u00e9movice. Z Nov\u00fdch Vil\u00e9movic vede trasa p\u0159es osadu \u010cerven\u00fd d\u016fl a \u00fadol\u00ed Ra\u010d\u00edho potoka k m\u00edstu zvan\u00e9mu pod Rychleby. D\u00e1le stoup\u00e1me ke z\u0159\u00edcenin\u011b hradu Rychleby a d\u00e1le ke k\u0159\u00ed\u017e\u016fm u svat\u00e9ho Anton\u00edna. Z rozcest\u00ed kles\u00e1me k z\u00e1mku J\u00e1nsk\u00fd vrch a odtud je to ji\u017e kousek do centra m\u011bsta Javorn\u00edk, kde trasa kon\u010d\u00ed na n\u00e1m\u011bst\u00ed. &nbsp; Vzd\u00e1lenost N\u00e1zev Nadmo\u0159sk\u00e1 v\u00fd\u0161ka Zna\u010dka 0,0 Ramzov\u00e1 758 m n.m. \u010derven\u00e1 2,1 Kl\u00edn 983 m n.m. \u010derven\u00e1 4,8 Smrk 1126 m n.m. \u017elut\u00e1 10,0 Kovadlina 976 m n.m. \u017elut\u00e1 11,0 Sedlo Peklo 842 m n.m. \u017elut\u00e1 <a class=\"more-link\" href=\"https:\/\/www.penzionpacifik.cz\/?page_id=985\">Continue Reading \u2192<\/a><\/p>\n","protected":false},"author":1,"featured_media":0,"parent":955,"menu_order":0,"comment_status":"closed","ping_status":"closed","template":"","meta":{"footnotes":""},"class_list":["post-985","page","type-page","status-publish","hentry"],"_links":{"self":[{"href":"https:\/\/www.penzionpacifik.cz\/index.php?rest_route=\/wp\/v2\/pages\/985","targetHints":{"allow":["GET"]}}],"collection":[{"href":"https:\/\/www.penzionpacifik.cz\/index.php?rest_route=\/wp\/v2\/pages"}],"about":[{"href":"https:\/\/www.penzionpacifik.cz\/index.php?rest_route=\/wp\/v2\/types\/page"}],"author":[{"embeddable":true,"href":"https:\/\/www.penzionpacifik.cz\/index.php?rest_route=\/wp\/v2\/users\/1"}],"replies":[{"embeddable":true,"href":"https:\/\/www.penzionpacifik.cz\/index.php?rest_route=%2Fwp%2Fv2%2Fcomments&post=985"}],"version-history":[{"count":0,"href":"https:\/\/www.penzionpacifik.cz\/index.php?rest_route=\/wp\/v2\/pages\/985\/revisions"}],"up":[{"embeddable":true,"href":"https:\/\/www.penzionpacifik.cz\/index.php?rest_route=\/wp\/v2\/pages\/955"}],"wp:attachment":[{"href":"https:\/\/www.penzionpacifik.cz\/index.php?rest_route=%2Fwp%2Fv2%2Fmedia&parent=985"}],"curies":[{"name":"wp","href":"https:\/\/api.w.org\/{rel}","templated":true}]}}