{"id":977,"date":"2015-02-09T04:51:41","date_gmt":"2015-02-09T04:51:41","guid":{"rendered":"http:\/\/pacifik.gelidus.cz\/?page_id=977"},"modified":"2016-02-02T09:55:49","modified_gmt":"2016-02-02T08:55:49","slug":"cervena-hora","status":"publish","type":"page","link":"https:\/\/www.penzionpacifik.cz\/?page_id=977","title":{"rendered":"\u010cerven\u00e1 hora"},"content":{"rendered":"<h3>\u010cerven\u00e1 hora (1333 m)<\/h3>\n<p>Le\u017e\u00ed v keprnick\u00e9 \u010d\u00e1sti Hrub\u00e9ho Jesen\u00edku.<br \/>\nVrcholu hory je porostl\u00fd kle\u010d\u00ed je z n\u011bj v\u00fdhled na h\u0159ebeny Jesen\u00edk\u016f.<br \/>\nNa z\u00e1padn\u00edm svahu je poutn\u00ed m\u00edsto V\u0159esov\u00e1 stud\u00e1nka.<br \/>\nDle pov\u011bsti m\u00e1 voda ze stud\u00e1nky z\u00e1zra\u010dn\u00e9 \u00fa\u010dinky. Pod pramenem stoj\u00ed kamenn\u00e1 kapli\u010dka. Na \u00fapat\u00ed hory je Sn\u011b\u017en\u00e1 kotlina, n\u011bkdej\u0161\u00ed kar ledovce.<br \/>\nVyskytuj\u00ed se zde ob\u010dasn\u00e9 laviny. Nedaleko vrcholu je osam\u011bl\u00fd skaln\u00ed \u00fatvar Kamenn\u00e9 okno &#8211; neprav\u00e1 skaln\u00ed br\u00e1na.<br \/>\nV\u00fdchoz\u00edm bode na \u010cervenou horu je \u010cervenohorsk\u00e9 sedlo. K vrcholu vede \u010derven\u00e1 turistick\u00e1 zna\u010dka z kter\u00e9 se odbo\u010d\u00ed na \u017elutou turistickou zna\u010dku. K V\u0159esov\u00e9 stud\u00e1nce potom vede zelen\u00e1 turistick\u00e1 zna\u010dka.<\/p>\n<p>&nbsp;<\/p>\n<p><a title=\"Trasy\" href=\"http:\/\/penzionpacifik.cz\/?page_id=955\">Zp\u011bt na trasy<\/a><\/p>\n","protected":false},"excerpt":{"rendered":"<p>\u010cerven\u00e1 hora (1333 m) Le\u017e\u00ed v keprnick\u00e9 \u010d\u00e1sti Hrub\u00e9ho Jesen\u00edku. Vrcholu hory je porostl\u00fd kle\u010d\u00ed je z n\u011bj v\u00fdhled na h\u0159ebeny Jesen\u00edk\u016f. Na z\u00e1padn\u00edm svahu je poutn\u00ed m\u00edsto V\u0159esov\u00e1 stud\u00e1nka. Dle pov\u011bsti m\u00e1 voda ze stud\u00e1nky z\u00e1zra\u010dn\u00e9 \u00fa\u010dinky. Pod pramenem stoj\u00ed kamenn\u00e1 kapli\u010dka. Na \u00fapat\u00ed hory je Sn\u011b\u017en\u00e1 kotlina, n\u011bkdej\u0161\u00ed kar ledovce. Vyskytuj\u00ed se zde ob\u010dasn\u00e9 laviny. Nedaleko vrcholu je osam\u011bl\u00fd skaln\u00ed \u00fatvar Kamenn\u00e9 okno &#8211; neprav\u00e1 skaln\u00ed br\u00e1na. V\u00fdchoz\u00edm bode na \u010cervenou horu je \u010cervenohorsk\u00e9 sedlo. K vrcholu vede \u010derven\u00e1 turistick\u00e1 zna\u010dka z kter\u00e9 se odbo\u010d\u00ed na \u017elutou turistickou zna\u010dku. K V\u0159esov\u00e9 stud\u00e1nce potom vede zelen\u00e1 turistick\u00e1 zna\u010dka. &nbsp; Zp\u011bt na trasy<\/p>\n","protected":false},"author":1,"featured_media":0,"parent":955,"menu_order":0,"comment_status":"closed","ping_status":"closed","template":"","meta":{"footnotes":""},"class_list":["post-977","page","type-page","status-publish","hentry"],"_links":{"self":[{"href":"https:\/\/www.penzionpacifik.cz\/index.php?rest_route=\/wp\/v2\/pages\/977","targetHints":{"allow":["GET"]}}],"collection":[{"href":"https:\/\/www.penzionpacifik.cz\/index.php?rest_route=\/wp\/v2\/pages"}],"about":[{"href":"https:\/\/www.penzionpacifik.cz\/index.php?rest_route=\/wp\/v2\/types\/page"}],"author":[{"embeddable":true,"href":"https:\/\/www.penzionpacifik.cz\/index.php?rest_route=\/wp\/v2\/users\/1"}],"replies":[{"embeddable":true,"href":"https:\/\/www.penzionpacifik.cz\/index.php?rest_route=%2Fwp%2Fv2%2Fcomments&post=977"}],"version-history":[{"count":0,"href":"https:\/\/www.penzionpacifik.cz\/index.php?rest_route=\/wp\/v2\/pages\/977\/revisions"}],"up":[{"embeddable":true,"href":"https:\/\/www.penzionpacifik.cz\/index.php?rest_route=\/wp\/v2\/pages\/955"}],"wp:attachment":[{"href":"https:\/\/www.penzionpacifik.cz\/index.php?rest_route=%2Fwp%2Fv2%2Fmedia&parent=977"}],"curies":[{"name":"wp","href":"https:\/\/api.w.org\/{rel}","templated":true}]}}