{"id":2053,"date":"2015-06-08T19:19:38","date_gmt":"2015-06-08T18:19:38","guid":{"rendered":"http:\/\/penzionpacifik.cz\/?page_id=2053"},"modified":"2016-02-02T09:52:18","modified_gmt":"2016-02-02T08:52:18","slug":"honzik","status":"publish","type":"page","link":"https:\/\/www.penzionpacifik.cz\/?page_id=2053","title":{"rendered":"Kdy\u017e Honz\u00edk m\u00ed\u0159il na Pacifik&#8230;"},"content":{"rendered":"<p><span style=\"color: #003300;\"><a href=\"http:\/\/penzionpacifik.cz\/wp-content\/uploads\/2015\/03\/\u010dek\u00e1me-na-Honz\u00edka.png\" data-rel=\"lightbox-gallery-eXBJ2Hkw\" data-rl_title=\"\" data-rl_caption=\"\" title=\"\"><img loading=\"lazy\" decoding=\"async\" class=\"alignnone wp-image-1983\" src=\"http:\/\/penzionpacifik.cz\/wp-content\/uploads\/2015\/03\/\u010dek\u00e1me-na-Honz\u00edka.png\" alt=\"\u010dek\u00e1me na Honz\u00edka\" width=\"602\" height=\"330\" srcset=\"https:\/\/www.penzionpacifik.cz\/wp-content\/uploads\/2015\/03\/\u010dek\u00e1me-na-Honz\u00edka.png 328w, https:\/\/www.penzionpacifik.cz\/wp-content\/uploads\/2015\/03\/\u010dek\u00e1me-na-Honz\u00edka-300x165.png 300w\" sizes=\"auto, (max-width: 602px) 100vw, 602px\" \/><\/a><\/span><\/p>\n<p><span style=\"color: #993366;\">25. 5. 2015<\/span><br \/>\n<span style=\"color: #993366;\"> \u010cek\u00e1me na Honz\u00edka&#8230;<\/span><\/p>\n<p><span style=\"color: #993366;\">26. 5. 2015<\/span><br \/>\n<span style=\"color: #993366;\"> Honz\u00edk je na cest\u011b&#8230;<\/span><\/p>\n<p><span style=\"color: #993366;\">27. 5. 2015<\/span><br \/>\n<span style=\"color: #993366; background-color: #ffffff;\"> Honz\u00edk\u00a0se nahl\u00e1sil\u00a0 mo\u017en\u00e1 u\u017e k v\u00edkendov\u00e9mu\u00a0pobytu\u00a0 \ud83d\ude09\u00a0 \ud83d\ude00 &#8230;&#8230;&#8230;&#8230;..<br \/>\n( ne, Honza \u010censk\u00fd to opravdu nen\u00ed )<\/span><\/p>\n<p><span style=\"color: #993366;\">28. 5. 2015<\/span><br \/>\n<span style=\"color: #993366;\"> Nebo \u017ee by to byl Honz\u00edk H\u00e1ndl &#8211; b\u00fdval\u00fd \u0159editel Nedv\u011bdovy \u0161koly v Olomouci ?<\/span><\/p>\n<p><span style=\"color: #993366;\">29. 5. 2015<\/span><br \/>\n<span style=\"color: #993366;\"> Bohu\u017eel, ani on to nen\u00ed &#8230;<\/span><br \/>\n<span style=\"color: #993366;\"> I kdy\u017e taky p\u0159ijede\u00a0&#8211; ale pozd\u011bji.<\/span><\/p>\n<p><span style=\"color: #993366;\">O Honz\u00edkovi se pov\u00edd\u00e1 u\u017e i ve veden\u00ed stavebn\u00ed firmy GEMO Olomouc.<br \/>\nChystaj\u00ed sice oslavy 25. v\u00fdro\u010d\u00ed\u00a0zalo\u017een\u00ed firmy, p\u0159esto t\u0159eba jen na\u00a0oto\u010dku p\u0159ijedou&#8230;<\/span><\/p>\n<p><span style=\"color: #993366; font-size: 18pt;\">Cht\u011bj\u00ed ho vid\u011bt !!!<\/span><\/p>\n<p><a href=\"http:\/\/penzionpacifik.cz\/wp-content\/uploads\/2015\/03\/\u010dek\u00e1me...-4.png\" data-rel=\"lightbox-gallery-eXBJ2Hkw\" data-rl_title=\"\" data-rl_caption=\"\" title=\"\"><img loading=\"lazy\" decoding=\"async\" class=\" wp-image-1986 alignleft\" src=\"http:\/\/penzionpacifik.cz\/wp-content\/uploads\/2015\/03\/\u010dek\u00e1me...-4.png\" alt=\"\u010dek\u00e1me... 4\" width=\"202\" height=\"133\" \/><\/a><\/p>\n<p>&nbsp;<\/p>\n<p>&nbsp;<\/p>\n<p>&nbsp;<\/p>\n<p><span style=\"color: #993366;\"><span style=\"font-size: 18pt;\"><strong>Spole\u010dnost\u00a0CEMEX<\/strong> <\/span>u\u017e asi tu\u0161\u00ed&#8230;&#8230;..<\/span><br \/>\n<span style=\"color: #993366;\"> (ale jist\u00ed si taky nejsou !)<\/span><\/p>\n<p><a href=\"http:\/\/penzionpacifik.cz\/wp-content\/uploads\/2015\/03\/\u010dek\u00e1me...-9.png\" data-rel=\"lightbox-gallery-eXBJ2Hkw\" data-rl_title=\"\" data-rl_caption=\"\" title=\"\"><img loading=\"lazy\" decoding=\"async\" class=\" wp-image-1989 aligncenter\" src=\"http:\/\/penzionpacifik.cz\/wp-content\/uploads\/2015\/03\/\u010dek\u00e1me...-9.png\" alt=\"\u010dek\u00e1me... 9\" width=\"141\" height=\"141\" srcset=\"https:\/\/www.penzionpacifik.cz\/wp-content\/uploads\/2015\/03\/\u010dek\u00e1me...-9.png 180w, https:\/\/www.penzionpacifik.cz\/wp-content\/uploads\/2015\/03\/\u010dek\u00e1me...-9-150x150.png 150w\" sizes=\"auto, (max-width: 141px) 100vw, 141px\" \/><\/a><\/p>\n<p><span style=\"color: #993366;\">30. 5 2015<\/span><br \/>\n<span style=\"color: #993366;\">Nebude to\u00a0pouh\u00fd v\u00edkend\u00a0&#8211;<br \/>\nHonz\u00edk si u n\u00e1s objednal, sv\u011bte, div se, <\/span><span style=\"color: #993366;\"><span style=\"font-size: 18pt;\">trval\u00fd pobyt !!!<\/span><\/span><\/p>\n<p><span style=\"color: #993366;\">31. 5. 2015<\/span><br \/>\n<span style=\"font-size: 14pt;\"><strong><span style=\"color: #993366;\">Na Pacifik m\u00ed\u0159\u00ed prvn\u00ed konkr\u00e9tn\u011bj\u0161\u00ed st\u0159\u00edpky o Honz\u00edkovi:<\/span><\/strong><\/span><br \/>\n<strong><span style=\"color: #993366;\">&#8211; m\u00e1 mimo\u0159\u00e1dn\u011b kladn\u00fd vztah k d\u011btem<\/span>\u00a0 <\/strong>\ud83d\ude06\u00a0 \ud83d\ude1b\u00a0 \ud83d\ude00<br \/>\n<strong><span style=\"color: #993366;\">&#8211; potrp\u00ed si na dostate\u010dn\u00fd p\u0159\u00edsun \u010derstv\u00e9ho vzduchu<br \/>\n<\/span><\/strong><strong><span style=\"color: #993366;\">&#8211; miluje v\u00fdhled do zelen\u011b<br \/>\n<\/span><\/strong><strong><span style=\"color: #993366;\">&#8211; nen\u00ed \u017e\u00e1dn\u00e1 b\u00e1bovka, je to horal, spokojen\u00fd v jak\u00e9mkoliv po\u010das\u00ed<\/span><\/strong><\/p>\n<p><span style=\"color: #993366;\">1. 6. 2015<\/span><br \/>\n<span style=\"color: #993366; font-size: 12pt;\">Uv\u00edtac\u00ed v\u00fdbor p\u0159ipraven, skleni\u010dky vyle\u0161t\u011bny, \u0161amp\u00e1\u0148o vychlazeno&#8230;..<\/span><br \/>\n<strong><span style=\"color: #993366; font-size: 12pt;\"> Te\u010f u\u017e se jen \u010dek\u00e1, kdy to bouchne !!!<\/span><\/strong><\/p>\n<p><a href=\"http:\/\/penzionpacifik.cz\/wp-content\/uploads\/2015\/03\/\u0161amp\u00e1\u0148o.png\" data-rel=\"lightbox-gallery-eXBJ2Hkw\" data-rl_title=\"\" data-rl_caption=\"\" title=\"\"><img loading=\"lazy\" decoding=\"async\" class=\" size-full wp-image-2022 aligncenter\" src=\"http:\/\/penzionpacifik.cz\/wp-content\/uploads\/2015\/03\/\u0161amp\u00e1\u0148o.png\" alt=\"\u0161amp\u00e1\u0148o\" width=\"135\" height=\"180\" \/><\/a><br \/>\n<span style=\"color: #993366;\">2. 6. 2015<\/span><\/p>\n<p><a href=\"http:\/\/penzionpacifik.cz\/wp-content\/uploads\/2015\/03\/\u010dek\u00e1me...-7.jpg\" data-rel=\"lightbox-gallery-eXBJ2Hkw\" data-rl_title=\"\" data-rl_caption=\"\" title=\"\"><img loading=\"lazy\" decoding=\"async\" class=\"alignnone size-full wp-image-2024\" src=\"http:\/\/penzionpacifik.cz\/wp-content\/uploads\/2015\/03\/\u010dek\u00e1me...-7.jpg\" alt=\"\u010dek\u00e1me... 7\" width=\"450\" height=\"320\" srcset=\"https:\/\/www.penzionpacifik.cz\/wp-content\/uploads\/2015\/03\/\u010dek\u00e1me...-7.jpg 450w, https:\/\/www.penzionpacifik.cz\/wp-content\/uploads\/2015\/03\/\u010dek\u00e1me...-7-300x213.jpg 300w\" sizes=\"auto, (max-width: 450px) 100vw, 450px\" \/><\/a><\/p>\n<p><strong><span style=\"color: #993366;\"><span style=\"font-size: 18pt;\">Tak jsme se do\u010dkali <\/span>!!!!!!!!!!!!!!!!!!!!!!!!!!!!!!!!!!!!!!!!!!!!<\/span><\/strong><\/p>\n<p><strong><span style=\"color: #993366; font-size: 14pt;\">Honz\u00edk stoj\u00ed p\u0159ed branami Pacifiku.<\/span><\/strong><br \/>\n<span style=\"color: #993366;\">Sledujte aktu\u00e1ln\u00ed zpr\u00e1vy, z\u00edtra se v\u00e1m p\u0159edstav\u00ed v pln\u00e9 par\u00e1d\u011b !!!<\/span><\/p>\n<p>&nbsp;<\/p>\n<p><span style=\"color: #993366;\">3. 6. 2015<\/span><\/p>\n<p><span style=\"color: #993366;\"><strong><span style=\"font-size: 14pt;\">&#8222;Jsem d\u00e1rek pro v\u00e1s, d\u011bti!<\/span><\/strong><\/span><\/p>\n<p><strong><span style=\"color: #993366; font-size: 18pt;\">Jmenuji se HONZ\u00cdK &#8211;<\/span><\/strong><\/p>\n<p><a href=\"http:\/\/penzionpacifik.cz\/wp-content\/uploads\/2015\/03\/web.jpg\" data-rel=\"lightbox-gallery-eXBJ2Hkw\" data-rl_title=\"\" data-rl_caption=\"\" title=\"\"><img loading=\"lazy\" decoding=\"async\" class=\"alignnone wp-image-2027\" src=\"http:\/\/penzionpacifik.cz\/wp-content\/uploads\/2015\/03\/web.jpg\" alt=\"web\" width=\"525\" height=\"394\" srcset=\"https:\/\/www.penzionpacifik.cz\/wp-content\/uploads\/2015\/03\/web.jpg 432w, https:\/\/www.penzionpacifik.cz\/wp-content\/uploads\/2015\/03\/web-300x225.jpg 300w\" sizes=\"auto, (max-width: 525px) 100vw, 525px\" \/><\/a><\/p>\n<p><span style=\"color: #993366; font-size: 14pt;\">&#8211; a jsem nov\u00fd pr\u016flezkov\u00fd dome\u010dek se skluzavkou, p\u00edskovi\u0161t\u011bm,<br \/>\nlezeckou st\u011bnou, \u017eeb\u0159\u00ed\u010dkem a \u0161plhac\u00edm lanem.<\/span><\/p>\n<p><span style=\"color: #993366; font-size: 14pt;\"><strong>Kdopak z v\u00e1s m\u011b prvn\u00ed vyzkou\u0161\u00ed\u00a0 \ud83d\ude06 ???&#8220;<\/strong><\/span><\/p>\n<p>&nbsp;<\/p>\n<p><a href=\"http:\/\/penzionpacifik.cz\/wp-content\/uploads\/2015\/03\/web-2.jpg\" data-rel=\"lightbox-gallery-eXBJ2Hkw\" data-rl_title=\"\" data-rl_caption=\"\" title=\"\"><img loading=\"lazy\" decoding=\"async\" class=\"alignnone size-full wp-image-2032\" src=\"http:\/\/penzionpacifik.cz\/wp-content\/uploads\/2015\/03\/web-2.jpg\" alt=\"web 2\" width=\"432\" height=\"324\" \/><\/a><\/p>\n<p>&nbsp;<\/p>\n<p>&nbsp;<\/p>\n<p>&nbsp;<\/p>\n","protected":false},"excerpt":{"rendered":"<p>25. 5. 2015 \u010cek\u00e1me na Honz\u00edka&#8230; 26. 5. 2015 Honz\u00edk je na cest\u011b&#8230; 27. 5. 2015 Honz\u00edk\u00a0se nahl\u00e1sil\u00a0 mo\u017en\u00e1 u\u017e k v\u00edkendov\u00e9mu\u00a0pobytu\u00a0 \ud83d\ude09\u00a0 \ud83d\ude00 &#8230;&#8230;&#8230;&#8230;.. ( ne, Honza \u010censk\u00fd to opravdu nen\u00ed ) 28. 5. 2015 Nebo \u017ee by to byl Honz\u00edk H\u00e1ndl &#8211; b\u00fdval\u00fd \u0159editel Nedv\u011bdovy \u0161koly v Olomouci ? 29. 5. 2015 Bohu\u017eel, ani on to nen\u00ed &#8230; I kdy\u017e taky p\u0159ijede\u00a0&#8211; ale pozd\u011bji. O Honz\u00edkovi se pov\u00edd\u00e1 u\u017e i ve veden\u00ed stavebn\u00ed firmy GEMO Olomouc. Chystaj\u00ed sice oslavy 25. v\u00fdro\u010d\u00ed\u00a0zalo\u017een\u00ed firmy, p\u0159esto t\u0159eba jen na\u00a0oto\u010dku p\u0159ijedou&#8230; Cht\u011bj\u00ed ho vid\u011bt !!! &nbsp; &nbsp; &nbsp; Spole\u010dnost\u00a0CEMEX u\u017e asi tu\u0161\u00ed&#8230;&#8230;.. (ale jist\u00ed si taky nejsou !) 30. 5 2015 Nebude to\u00a0pouh\u00fd v\u00edkend\u00a0&#8211; Honz\u00edk si u n\u00e1s objednal, sv\u011bte, div se, trval\u00fd pobyt !!! 31. 5. 2015 Na Pacifik m\u00ed\u0159\u00ed prvn\u00ed konkr\u00e9tn\u011bj\u0161\u00ed st\u0159\u00edpky o Honz\u00edkovi: &#8211; m\u00e1 mimo\u0159\u00e1dn\u011b kladn\u00fd vztah k d\u011btem\u00a0 \ud83d\ude06\u00a0 \ud83d\ude1b\u00a0 \ud83d\ude00 &#8211; potrp\u00ed si na dostate\u010dn\u00fd p\u0159\u00edsun \u010derstv\u00e9ho vzduchu &#8211; miluje v\u00fdhled do zelen\u011b &#8211; nen\u00ed \u017e\u00e1dn\u00e1 b\u00e1bovka, je to horal, spokojen\u00fd v jak\u00e9mkoliv po\u010das\u00ed 1. 6. 2015 Uv\u00edtac\u00ed v\u00fdbor p\u0159ipraven, skleni\u010dky vyle\u0161t\u011bny, \u0161amp\u00e1\u0148o vychlazeno&#8230;.. Te\u010f u\u017e se jen \u010dek\u00e1, kdy to bouchne !!! 2. 6. 2015 Tak jsme se do\u010dkali !!!!!!!!!!!!!!!!!!!!!!!!!!!!!!!!!!!!!!!!!!!! Honz\u00edk stoj\u00ed p\u0159ed branami Pacifiku. <a class=\"more-link\" href=\"https:\/\/www.penzionpacifik.cz\/?page_id=2053\">Continue Reading \u2192<\/a><\/p>\n","protected":false},"author":3,"featured_media":0,"parent":0,"menu_order":0,"comment_status":"closed","ping_status":"closed","template":"","meta":{"footnotes":""},"class_list":["post-2053","page","type-page","status-publish","hentry"],"_links":{"self":[{"href":"https:\/\/www.penzionpacifik.cz\/index.php?rest_route=\/wp\/v2\/pages\/2053","targetHints":{"allow":["GET"]}}],"collection":[{"href":"https:\/\/www.penzionpacifik.cz\/index.php?rest_route=\/wp\/v2\/pages"}],"about":[{"href":"https:\/\/www.penzionpacifik.cz\/index.php?rest_route=\/wp\/v2\/types\/page"}],"author":[{"embeddable":true,"href":"https:\/\/www.penzionpacifik.cz\/index.php?rest_route=\/wp\/v2\/users\/3"}],"replies":[{"embeddable":true,"href":"https:\/\/www.penzionpacifik.cz\/index.php?rest_route=%2Fwp%2Fv2%2Fcomments&post=2053"}],"version-history":[{"count":0,"href":"https:\/\/www.penzionpacifik.cz\/index.php?rest_route=\/wp\/v2\/pages\/2053\/revisions"}],"wp:attachment":[{"href":"https:\/\/www.penzionpacifik.cz\/index.php?rest_route=%2Fwp%2Fv2%2Fmedia&parent=2053"}],"curies":[{"name":"wp","href":"https:\/\/api.w.org\/{rel}","templated":true}]}}